-13)/273 + -6. Calculate l(x).
92
Let j = -94 + 104. Let f(c) = -9 - c**2 + 17*c - 5*c + 28 - j - 8. Give f(12).
1
Let b(m) = m**3 - 9*m**2 + m + 11. Let n(v) = 5*v**2 - v - 6. Let a(t) = -3*b(t) - 5*n(t). Suppose -220*c + 108*c + 49*c + 126 = 0. What is a(c)?
-15
Suppose 139*k - 130*k - 18 = -63. Let p(h) be the first derivative of -2*h**3/3 - 2*h**2 - h - 4. Determine p(k).
-31
Let c(q) = 3 - q**2 - 5 - 18*q - 1. Let w be c(-18). Let o(u) = -7*u + 3. What is o(w)?
24
Let n(i) = 4*i**2 + 11*i + 22. Let j(u) be the third derivative of -u**5/20 - 5*u**4/12 - 19*u**3/6 - u**2 - 95. Let v(o) = 5*j(o) + 4*n(o). What is v(6)?
-7
Let b(c) be the third derivative of 0 + 0*c + 1/4*c**4 + 1/6*c**3 + 126*c**2. Calculate b(-8).
-47
Let p(s) be the second derivative of -3*s**2 + 2 + s + 1/12*s**4 - s**3. Suppose 4*f + 2 = 22. What is p(f)?
-11
Let a(v) = v. Suppose 233 = -2*g + 5*g - 2*w, 0 = 5*g - 3*w - 390. Let u = g + -82. Let i be (1 - (0 - 3 - -3)) + u. Calculate a(i).
0
Let d(w) be the third derivative of -w**6/120 + w**5/15 + w**4/24 - 2*w**3/3 - 85*w**2. Let k be d(4). Let l(x) = x**3 + x**2 + x - 1. Give l(k).
-1
Let k(n) = -4*n**3 + 3*n**3 + 2*n**3 - 4*n**2 + 3 + 0*n**3. Let g be -84 + 86 - (-2 + 0/(-1))/2. Give k(g).
-6
Let r(h) = h - 10. Suppose -22 = -28*b + 62. Suppose -f + b + 3 = 4*w, 3*w - 27 = -3*f. Give r(f).
0
Suppose -4*m - 4*n = -36, m - n - 9 = 2*n. Let i(b) = m*b**2 - 4 + 11 - 2*b**3 + 3*b**3 + 9*b + 0. Give i(-8).
-1
Let b(d) = d**3 + 6*d**2 - 6*d + 4. Let v(w) = -5*w - 7. Let r be v(-2). Suppose 4*z + r = -17, 0 = -5*u + 4*z - 15. Give b(u).
-3
Let z(g) = 272*g**2 + 8*g - 112*g**2 - 166*g**2 + g**3 + 2. Give z(4).
2
Let x(t) = -2*t - 6. Let w = 130 - 301. Let k = -174 - w. Determine x(k).
0
Let v(c) = c**3 + 7*c**2 - 8*c + 13. Let x(y) = 10*y + 622. Let s be x(-63). Calculate v(s).
13
Let d(o) = 2*o**2 - 2*o**3 - 12*o - 5 + 3*o**2 + 3*o**3 + 4*o. Suppose 70 = -14*q + 9*q. Let v = -20 - q. What is d(v)?
7
Let g(r) be the third derivative of -r**7/280 - r**6/720 + r**5/120 - r**4/4 - 44*r**2. Let n(f) be the second derivative of g(f). Give n(1).
-9
Let j(d) = -d**2 + 9*d - 9. Let f be j(6). Suppose 11 = 5*t - f. Let k(q) = -4*q - 3628*q**2 + 0 + 2*q + 0 + 3629*q**2. Determine k(t).
8
Let g(t) = -5*t**2. Let c(f) = -31*f. Let z be c(-2). Suppose -52 = -u + 3*k, 3*u - 14*k = -16*k + 189. Let j = u - z. Determine g(j).
-5
Let n = 15 - 9. Suppose -73*x = -68*x - 130. Suppose x = -n*w + 2. Let m(b) = -b + 1. Give m(w).
5
Suppose 2*h = 4*n, -5*h + 5*n + 6 = -4. Let d(k) be the first derivative of k**3/3 + k**2/2 - 23*k - 1. Let a be d(h). Let u(z) = z**2 - z - 4. Calculate u(a).
8
Let v(b) = b + 12. Let d(j) = j - 2. Let x(o) = -2*d(o) + v(o). Determine x(8).
8
Suppose 15*k - 22*k + 14 = 0. Suppose 0 = 2*b - 3*f, -k*b - 4*f = -5*b. Suppose b = 3*w + w - 12. Let z(r) = 2*r - 3. What is z(w)?
3
Let w(q) = 366*q + 0 - 10 - 365*q. What is w(-17)?
-27
Let c(f) = 2*f**2 - 4*f + 1. Let k(y) = -8*y**2 + 6*y + 32. Let q(z) = 3*c(z) + k(z). What is q(-6)?
-1
Let y(q) = -6*q - 3. Let w = 412 + -394. Suppose -7*t - 10 - w = 0. Determine y(t).
21
Let f(n) = -32*n**2 - 9*n**2 + 4*n + 6*n - 3 - 11*n + 42*n**2 + 5*n. Suppose -3*g + 4*g - 14 = 0. Suppose h + 5 = 2*y, 0*h = -5*y + h + g. What is f(y)?
18
Let f be (-399)/(-9)*6/7. Let p = 39 - f. Let u(d) = d**3 + 2*d**2 - 1. Calculate u(p).
2
Suppose 34 = -3*s - 5*z, -2*s - 3 = 5*z + 28. Let h be 1*(1 - s)*-1. Let f(a) = 5*a**2 + a**3 - 5*a - 5 - a**2 + 0*a**2. Calculate f(h).
15
Let w = -14 - -14. Let i(d) = 3*d**3 - 3*d**2 - 2*d + 14. Let v(m) = -5*m**3 + 5*m**2 + 3*m - 26. Let c(y) = -7*i(y) - 4*v(y). Determine c(w).
6
Let k(u) be the second derivative of 61*u - 2 + 1/3*u**3 + 1/20*u**5 - 3/2*u**2 - 5/12*u**4. What is k(5)?
7
Let g be 15 + -1 + -6 + 854/122. Let q(k) = -2*k**3 + 30*k**2 + k - 6. Give q(g).
9
Let r(y) = y**2 + 10*y + 6. Suppose c - 15 = -5*m, -3*m = -4*c + 3*c - 9. Let d be (9 + c)*(1 + 3)/(-4). What is r(d)?
-3
Suppose -74*u - 218*u = -1460. Let i(m) be the third derivative of -m**5/60 + m**4/8 + 4*m**3/3 + 4*m**2. Calculate i(u).
-2
Suppose 2 - 1 = o. Let g(s) = -s + 2. Let n(h) = -1. Let a(y) = 6*g(y) + 7*n(y). Let j be a(o). Let m(l) = -16*l**2 - 2*l - 1. What is m(j)?
-15
Let h(p) be the second derivative of -1/12*p**4 - 1/2*p**2 + p**3 + 5*p + 0. Suppose -64 - 40 = -26*c. What is h(c)?
7
Let g(p) be the second derivative of p**5/20 + 3*p**4/4 + 11*p**3/6 - 6*p**2 - 78*p + 4. Calculate g(-7).
9
Let b(z) be the first derivative of 0*z**2 + 1 + 3*z + 1/3*z**3 + 1/4*z**4. Suppose -5*o = -3*h + 40, -2*h + 7*h + 2*o = -16. Determine b(h).
3
Let m(s) = -s**2 - 5*s + 3. Let k be -11*10/220*(0 - -14). What is m(k)?
-11
Let s(c) = 18*c + 13*c + 277 - 264. Let b(u) = 6*u. Let z(i) = 5*b(i) - s(i). Give z(-7).
-6
Let y(h) = h**2 - 16*h + 42. Let n be y(13). Let d(a) = a**2 + 1. Let c(b) = b**3 - 9*b**2 + 4*b - 4. Let j(v) = -c(v) - 4*d(v). Give j(n).
6
Let w(s) be the first derivative of 8/3*s**3 + 1/4*s**4 + 3*s**2 + 10 + 9*s. Let j = 202 - 209. Give w(j).
16
Let s(j) = -5*j**2 - 4*j + 7. Let p(m) = m**2 + m - 3. Let u = -280 - -282. Let r(x) = u*p(x) + s(x). Let y be -1 - (0 + -2 + -1). What is r(y)?
-15
Suppose -o = -0*o - 2*h - 61, 2*o - h = 110. Let c = o - 52. Let t(w) = -c - 58*w**2 + 104*w**2 + 2*w - 50*w**2. What is t(1)?
-3
Suppose 0 = -8*v + 11*v + 105. Let q be 6/(-14) - 50/v. Let h be q*3 + (-16 - -19). Let c(y) = y - 1. Calculate c(h).
5
Let c(j) = -j**2 - 3*j + 8. Suppose 47 - 11 = 4*a. Let k be 9*(39/a - 4). Let i be (-9)/k*(-1 - -3)/1. What is c(i)?
-10
Let g(i) = i**3 + 24*i**2 - 80*i + 24. Suppose -740*t - 110 = -737*t - 29. What is g(t)?
-3
Let g(r) = -r**3 + 15*r**2 + 28*r - 185. Let w be g(16). Let t(x) = -x**3 + 10*x**2 - 22*x - 7. What is t(w)?
-14
Let r(i) = -i + 22. Let h be (-32)/(-176) + (-485)/(-55). Determine r(h).
13
Let w be 3/12*-2*-10. Let u(x) = -19*x + 29. Let i(o) = 7*o - 10. Let b(g) = 8*i(g) + 3*u(g). Let j(p) = -p + 8. Let t(c) = 3*b(c) - 2*j(c). Calculate t(w).
0
Let d(j) be the third derivative of -j**5/20 - j**4/8 + 7*j**3/6 + 508*j**2. Determine d(-4).
-29
Let a(v) = 2*v**2 + 157*v + 2215. Let n be a(-60). Let l(y) = -y**3 + y**2 + 31*y + 13. Give l(n).
8
Let n(o) = -2*o**2 - 2*o + 9. Suppose -49*t + 33 + 160 + 52 = 0. What is n(t)?
-51
Let s be 340/40*(3 + 3*(-5)/15). Let t(q) = -q + 12. What is t(s)?
-5
Let g(h) = 7*h**2 + h + 7. Let r(m) = -18*m**2 - 3*m - 20. Let k(j) = -17*g(j) - 6*r(j). Let o(f) = -f**3 + 12*f**2 - 1. Let w be o(12). What is k(w)?
-11
Let l(a) = -5*a - 3. Suppose -t - 123 = -42*t. What is l(t)?
-18
Suppose 60 + 138 = 22*z. Suppose -3*w + 3 = -3. Let l(n) = w*n - 4*n - 6 + 19. Determine l(z).
-5
Let r(d) = 11*d**2 - 42*d - 75. Let k(h) = 4*h**2 - 15*h - 24. Let o(s) = 10*k(s) - 3*r(s). Give o(4).
1
Let x(o) be the first derivative of 11*o**4/2 + o**3/3 + o**2/2 - o - 134. Let k = -9 + 10. Give x(k).
23
Let l(x) = 4*x**3 - 24*x**2 + 43*x - 36. Let y(q) = -3*q**3 + 23*q**2 - 38*q + 37. Let a(d) = 4*l(d) + 5*y(d). What is a(-20)?
1
Let r(q) = 48*q - 1013. Let x be r(21). Let h(m) = m**3 + 3*m**2 - 10*m + 12. Give h(x).
12
Let x(q) = -q**3 + 3*q + 7. Let s be x(0). Let u(z) = -s*z - 2 + 3*z**3 - 3*z + 5*z**2 - 4*z**3 + 8*z. Give u(4).
6
Let g(h) = -44*h + 270. Let d(s) = -172*s + 1084. Let m(u) = 2*d(u) - 9*g(u). Determine m(5).
-2
Let u be -5 - ((-82)/8 - 3/4). Let r(d) = 2 - 32*d + 12*d + 21*d - u. Calculate r(0).
-4
Let k = -49 - -59. Let c(n) = 3*n + 87*n**2 - k - 86*n**2 + 4. Let q = 13 + -18. What is c(q)?
4
Let b(k) = -220*k**2 + 310 - 33*k - 331 - 3*k**3 + k**3 + 196*k**2 + 9*k. Give b(-11).
1
Let c(r) = -5*r**2. Let b(h) = -11*h**2 - 13*h - 5. Let q(t) = b(t) - 2*c(t). Give q(-11).
17
Let o(i) be the second derivative of 5*i**3/6 - 61*i**2/2 - 2511*i. Give o(7).
-26
Let i be -3 - (-1 - 0) - -1. Let n(g) be the third derivative of 0 + 0*g - 87*g**2 + 1/12*g**4 + 0*g**3. What is n(i)?
-2
Suppose -2*o + 20 = -0*o + 2*p, -4*p + 26 = 2*o. Let r(x) = -6*x + o*x - 3*x - x**2 - 1 + 15*x. Determine r(9).
35
Let l be -8 + 1 + (-345)/(-3). Let g be 27/l - 74/8. Let v(k) = k**2 + 7*k - 16. What is v(g)?
2
Let a(v) be the first derivative of -v**3/3 - 5*v**2 + 19*v - 2908. What is a(-8)?
35
Suppose 19*v = -93*v - 448. Let r be 10/